p + 5/2*p**2 - 2/3*p**4 + 0 + 0*p**3 - 1/20*p**5. What are the prime factors of r(-8)?
5
Let y = -2 - -2. Suppose y = -2*r + r. Suppose -l - 6 = -3*k, -l + r*k - 3*k + 12 = 0. What are the prime factors of l?
3
List the prime factors of ((-4)/(-20))/(1/995).
199
Let j be ((-16)/20)/(2/5). List the prime factors of (j/4 + 11 + -11)*-4.
2
Suppose -8*i - 10 = -13*i. Suppose 0*t - 2*t = 5*n - 949, 0 = i*n - 5*t - 368. List the prime factors of n.
3, 7
Let d = -1007 + 1569. What are the prime factors of d?
2, 281
Let h be (6/9)/(4/54). Suppose -h*w + 155 = -4*w. List the prime factors of w.
31
Let f(q) = -11*q - 18. Let b(v) = 10*v + 18. Let k(h) = 3*b(h) + 2*f(h). List the prime factors of k(9).
2, 3, 5
Let h be (-228)/(-95) + 4/(-10). Suppose h*m - 24 = -2*o, 0 = o + 5. List the prime factors of m.
17
Let u(v) = v - 95. Let t be u(0). Let g = -90 - t. What are the prime factors of g?
5
Let a = 3 - -1. Suppose 0 = a*d - 12 + 4. Suppose -d*r = 2*r - 84. List the prime factors of r.
3, 7
Let n(v) = v**3 - 8*v**2 + 4*v + 1. Let o be n(7). Let d = o + -25. Let k = d + 77. What are the prime factors of k?
2
Let h = 27 - -32. Suppose 3*t - 240 = -t - 3*f, -t + h = f. List the prime factors of t.
3, 7
Suppose -w = 3*n + 5, -5*w + 3*n = 2*n - 7. Let s be 7/(-14)*(w - -167). Let a = -7 - s. What are the prime factors of a?
7, 11
Suppose 629 = 2*g - r - 63, 0 = -3*r - 12. What are the prime factors of g?
2, 43
Suppose -846 = 56*t - 58*t. What are the prime factors of t?
3, 47
Let b(u) = -6*u + 10. Suppose 82 - 194 = 7*l. What are the prime factors of b(l)?
2, 53
Suppose 2*s = -4*b + s - 14, 3*s - 9 = 5*b. List the prime factors of b - -54 - (2 + -3).
2, 13
Let w = -58 + 58. Suppose w = c - 2 - 218. What are the prime factors of c?
2, 5, 11
Let y(i) = 59*i**3 - i**2 - 11*i + 3. List the prime factors of y(3).
2, 3, 7, 37
Let g = 568 - 256. Let v be 2/13 - g/(-169). Suppose v*a - 54 = -n + 5*n, 0 = -a - 3*n + 27. List the prime factors of a.
3
Let g = -240 - -1324. What are the prime factors of g?
2, 271
Let b = -32 - -39. Suppose 3*s + b*i = 4*i + 213, -299 = -4*s + i. List the prime factors of s.
2, 37
Suppose 0 = 6*b + 1 - 25. Let o(l) = 2*l + 14. List the prime factors of o(b).
2, 11
Let m = 23 + -17. Let c = -2 + m. Suppose -2*j + 54 = c*d, -j + 90 = 3*j - d. What are the prime factors of j?
23
Let a(q) = -4*q + 6. Let x be a(-10). Let w be (-20)/(-50) + x/10. Suppose 23 + 72 = w*j. List the prime factors of j.
19
Let x be (-40)/(-6)*(-12)/(-8). Suppose x = -5*k + 155. List the prime factors of k.
29
Suppose 3*z = a - 196, -4*z = -0*z + 3*a + 270. Let v = z + 161. What are the prime factors of v?
5, 19
Let c = 22 + -22. Let i(x) = x**3 - x**2 + 3. Let f be i(c). Suppose 0*h - f*h - 4*z = -41, 2*h + 2*z - 24 = 0. List the prime factors of h.
7
Suppose -z - 2*t = -3 - 8, -17 = z - 5*t. Suppose 0 = z*k - p + 117, 2*p + 55 = -k - 3*p. Let c = -21 - k. List the prime factors of c.
19
Let o be (-2 + -4)*(-15)/(-9). Let q = 10 + o. Suppose -5*j - 5 = q, 2*j = -3*v + 3*j + 7. List the prime factors of v.
2
Suppose 104 = -3*s + m, -5*s - m = -30 + 214. List the prime factors of (-1956)/s - (-2)/3.
5, 11
Let p(s) = -16*s - 14. Suppose m + 22 = -4*d, 2*m - d + 8 = -0*m. What are the prime factors of p(m)?
2, 41
Let x = -18 - -12. Let c(y) = -y**2 - 16*y + 8. List the prime factors of c(x).
2, 17
Let i be (1 - -49) + 7 + -5. Suppose -4*n + i = -0*n. Let m(k) = 2*k + 11. What are the prime factors of m(n)?
37
Suppose 4*z + 3*j = 70, z + 25 = 2*z - 3*j. Let n = 115 + -38. Suppose n = 3*f - z. List the prime factors of f.
2
Let k = 11 - 2. Let p = -1 + k. Suppose 5*x = x + p. What are the prime factors of x?
2
Let g = 74 - 156. Let z = -46 - g. List the prime factors of z.
2, 3
Suppose -3*h + 1295 = 5*o, o + 5*h - 247 = 2*h. What are the prime factors of ((-10)/(-8))/(o/(-88) + 3)?
5, 11
Suppose 0*m - 4*m + 5592 = -5*b, 0 = 2*m - 4*b - 2796. What are the prime factors of m?
2, 3, 233
Let h be (2 + 2)/2*(6 - 29). List the prime factors of h/(-8) + 24/(-32) + 0.
5
Let x = 77 + 203. What are the prime factors of x?
2, 5, 7
Let j = 9520 + -5894. List the prime factors of j.
2, 7, 37
Suppose -15*f = -2596 - 2354. What are the prime factors of f?
2, 3, 5, 11
Let c be (4 - (-180)/8)*32. Suppose -7*h = -5*h - 4, 0 = -5*j + h + c. List the prime factors of j.
2, 5, 17
Let r = -7 - -18. Let z = -11 + r. Let a = 51 - z. List the prime factors of a.
3, 17
Let a(m) = -m**3 + 9*m**2 + 15. Let b be a(9). Let q = b - 9. What are the prime factors of q?
2, 3
Suppose 20*c - 18288 = 9372. What are the prime factors of c?
3, 461
Let c(h) = 61*h**2 + 22*h - 200. List the prime factors of c(6).
2, 7, 19
Let f(c) = c**2 - 7*c + 4. Let b be f(7). Let j be (1 - b)*20/(-12). Suppose 8*u = 3*u - j*y + 10, 6 = 3*u - 5*y. What are the prime factors of u?
2
Suppose -3*f + 3*t - 3 = 0, -2 - 3 = -5*f + 3*t. Suppose -f*b - m + 545 = -0*m, -4*b = 4*m - 548. What are the prime factors of b?
2, 17
Let q be 2/(-8) - (3 - 3785/20). Suppose -3*b - y + 170 + 4 = 0, -3*b - 5*y + q = 0. List the prime factors of b.
3, 19
Suppose 12*t - 4570 = 2*t. What are the prime factors of t?
457
Let y(w) = -w**2 - 136*w - 791. What are the prime factors of y(-87)?
2, 7, 31
Suppose -4*n + 688 = -s + 2*s, 3*s + 3*n - 2055 = 0. What are the prime factors of s/20 + (-4)/(-5)?
5, 7
Suppose 4*v + 19 = 151. Suppose -7*b = 2*b - 162. Let k = b + v. What are the prime factors of k?
3, 17
List the prime factors of (5 + 870/12 + 6)*2.
167
Suppose -5*t - 5*z = -2300, 13*z - 915 = -2*t + 12*z. List the prime factors of t.
5, 7, 13
Suppose -9*u + 842 = -10*u. List the prime factors of (-1)/2 - u/4.
2, 3, 5, 7
Let r(g) = 104*g**2 + 4*g + 11. List the prime factors of r(-4).
3, 7, 79
List the prime factors of (-250)/2*1*(-520)/50.
2, 5, 13
Suppose -5*f = -4*u + 455, -4*f + 0*f + 538 = 5*u. Let q = u + -74. List the prime factors of q.
2, 3
Let o = 1586 + -544. What are the prime factors of o?
2, 521
Let k(x) = -x**3 + 3*x**2 + 2*x - 3. Let o be k(4). Let w = o + 39. List the prime factors of w.
2, 7
Let r = 9757 + -4612. List the prime factors of r.
3, 5, 7
Suppose 57*i - 65070 = 39*i. List the prime factors of i.
3, 5, 241
Let g(v) = 27*v**2 + 2*v - 2. Let j(k) = -23*k - 9. Let u(p) = -8*p - 3. Let y(s) = 6*j(s) - 17*u(s). Let w be y(-2). List the prime factors of g(w).
3
Let g = 75 - 77. List the prime factors of 165 + 0*g/8.
3, 5, 11
Suppose -l + 5*x + 15 = -15, -234 = -5*l - 3*x. Let r = -143 - -155. Let v = l + r. List the prime factors of v.
3, 19
Let i(t) = 100*t - 47. What are the prime factors of i(6)?
7, 79
Suppose 0 = 3*x - 0*x. Suppose x*j = j. Suppose -3*a + 49 + 8 = j. What are the prime factors of a?
19
Suppose -2*i + 278 = -758. Suppose 5*u - i = 327. List the prime factors of u.
13
Let u = 16 - 31. Suppose v - 12 - 16 = 0. What are the prime factors of (v + u)/(2/4)?
2, 13
Suppose -4*i = -6*i + 4654. What are the prime factors of i?
13, 179
Suppose -3*f + 5*b + 4763 = 0, 2*f - 184*b + 182*b = 3174. What are the prime factors of f?
2, 13, 61
Let t(s) = -s**3 + 9*s**2 - 18*s - 5. Let b be t(6). List the prime factors of (-400)/b + (3 - 2).
3
Suppose -3*s + 5094 = 5*x, -3*x = 3*s - 1395 - 1659. What are the prime factors of x?
2, 3, 5, 17
List the prime factors of (-11)/(-88) - 44058/(-48).
2, 3, 17
Suppose 75*t = 77*t - 10. Suppose h - 3*j - 191 = 0, -j = -t*h - 5*j + 974. List the prime factors of h.
2, 97
Let d = 6593 + -4145. What are the prime factors of d?
2, 3, 17
Let k be 473*(2 - (1 - 0)). Suppose 65 = -2*x + k. Suppose -44 + x = 8*t. What are the prime factors of t?
2, 5
Suppose 5*i = 2*i. Suppose -3*d = i, 4*h - 101 = -5*d + 43. What are the prime factors of h?
2, 3
Let w(x) = -58*x**3 + 2*x**2 - 3*x - 3. Let l(t) = 57*t**3 - 3*t**2 + 4*t + 4. Let s(n) = 2*l(n) + 3*w(n). List the prime factors of s(-1).
2, 3, 5
Suppose 2 = 2*t - 0. Let w = 80 + -78. What are the prime factors of t - -2 - (-36)/w?
3, 7
Suppose 0 = 4*y - 7*y + 684. Suppose y = -4*h - 2*q, -3*q - 177 = -h + 4*h. What are the prime factors of 1 + (-4 + 0 - h)?
2, 13
Suppose -n + 4*n - 702 = -s, -4*n = 2*s - 1414. What are the prime factors of s?
3, 239
What are the prime factors of (-16251)/(-18) - 15/(-90)?
3, 7, 43
Let d(m) = -17*m - 3. Let f 